s 9 a factor of 11880?
True
Is 289 a multiple of 22?
False
Is 494 a multiple of 37?
False
Is 67 a factor of 2010?
True
Is 122 a factor of 10816?
False
Is 39 a factor of 1716?
True
Is 434 a multiple of 14?
True
Does 62 divide 16769?
False
Is 225 a factor of 80775?
True
Does 8 divide 40?
True
Is 15 a factor of 6675?
True
Is 8519 a multiple of 7?
True
Is 131 a factor of 6419?
True
Does 3 divide 1111?
False
Is 133971 a multiple of 34?
False
Is 24570 a multiple of 135?
True
Does 27 divide 864?
True
Is 782 a multiple of 17?
True
Is 89 a multiple of 46?
False
Is 3701 a multiple of 10?
False
Does 82 divide 1555?
False
Does 23 divide 16638?
False
Is 1026 a multiple of 22?
False
Is 26311 a multiple of 106?
False
Does 15 divide 1942?
False
Is 3 a factor of 243?
True
Is 8 a factor of 526?
False
Is 13668 a multiple of 204?
True
Is 217 a multiple of 34?
False
Is 7 a factor of 210?
True
Is 384 a multiple of 64?
True
Is 13686 a multiple of 90?
False
Is 9052 a multiple of 17?
False
Is 20 a factor of 1757?
False
Is 72 a multiple of 3?
True
Does 26 divide 1543?
False
Does 3 divide 88?
False
Does 41 divide 12830?
False
Does 13 divide 6944?
False
Is 9095 a multiple of 5?
True
Does 7 divide 884?
False
Is 9 a factor of 4543?
False
Does 15 divide 3855?
True
Does 15 divide 300?
True
Does 23 divide 644?
True
Does 25 divide 3749?
False
Is 4550 a multiple of 25?
True
Does 62 divide 1240?
True
Is 518 a multiple of 60?
False
Is 13 a factor of 7098?
True
Does 13 divide 20621?
False
Is 42 a factor of 1054?
False
Is 5 a factor of 975?
True
Does 89 divide 7124?
False
Is 17 a factor of 3893?
True
Is 96 a factor of 768?
True
Is 2703 a multiple of 19?
False
Is 50 even?
True
Does 485 divide 22199?
False
Is 10 a factor of 2800?
True
Does 9 divide 4759?
False
Does 11 divide 704?
True
Is 108 a factor of 8532?
True
Does 10 divide 110?
True
Is 2256 a multiple of 16?
True
Is 45 a factor of 1158?
False
Does 47 divide 2855?
False
Does 16 divide 1563?
False
Is 8 a factor of 126?
False
Does 19 divide 1026?
True
Is 11434 a multiple of 72?
False
Is 7 a factor of 132?
False
Is 36 a factor of 7702?
False
Does 40 divide 36938?
False
Is 16 a factor of 11456?
True
Is 106 a factor of 64025?
False
Is 16 a factor of 3518?
False
Is 445 a multiple of 89?
True
Is 10802 a multiple of 11?
True
Is 10 a factor of 1837?
False
Is 4452 a multiple of 159?
True
Is 13 a factor of 12764?
False
Does 55 divide 550?
True
Does 2 divide 3018?
True
Is 4 a factor of 26600?
True
Is 60663 a multiple of 219?
True
Is 87 a multiple of 6?
False
Is 18081 a multiple of 21?
True
Is 126 a multiple of 6?
True
Is 108630 a multiple of 17?
True
Is 17 a factor of 1014?
False
Is 9 a factor of 2322?
True
Is 100 a factor of 4000?
True
Is 11 a factor of 47199?
False
Is 39557 a multiple of 7?
True
Is 940 a multiple of 36?
False
Is 12 a factor of 12346?
False
Is 2201 a multiple of 84?
False
Is 1656 a multiple of 11?
False
Is 37 a factor of 416?
False
Does 4 divide 6917?
False
Is 2062 a multiple of 6?
False
Is 2 a factor of 1373?
False
Is 2430 a multiple of 9?
True
Does 19 divide 874?
True
Does 91 divide 7478?
False
Is 657 a multiple of 3?
True
Is 49 a factor of 21762?
False
Is 342 a multiple of 7?
False
Does 211 divide 1615?
False
Is 225 a factor of 37266?
False
Is 80 a factor of 10960?
True
Does 81 divide 2882?
False
Does 11 divide 3619?
True
Does 11 divide 1177?
True
Is 8410 a multiple of 48?
False
Is 2667 a multiple of 8?
False
Does 57 divide 1184?
False
Is 66912 a multiple of 328?
True
Is 351 a factor of 76518?
True
Does 23 divide 5968?
False
Is 494 a multiple of 27?
False
Is 45123 a multiple of 89?
True
Does 335 divide 23785?
True
Is 16 a factor of 10016?
True
Is 6842 a multiple of 10?
False
Does 117 divide 5616?
True
Is 9 a factor of 17012?
False
Is 536 a multiple of 7?
False
Is 12 a factor of 531?
False
Does 55 divide 1386?
False
Does 11 divide 847?
True
Is 9 a factor of 171?
True
Is 9805 a multiple of 9?
False
Is 86 a factor of 695?
False
Is 10 a factor of 128?
False
Is 1174 a multiple of 19?
False
Is 20 a factor of 14802?
False
Does 98 divide 48650?
False
Does 25 divide 2895?
False
Is 513 a multiple of 15?
False
Is 18072 a multiple of 8?
True
Does 155 divide 20305?
True
Is 58363 a multiple of 8?
False
Is 2233 a multiple of 11?
True
Is 9840 a multiple of 12?
True
Is 9 a factor of 438?
False
Is 71 even?
False
Does 19 divide 228?
True
Does 105 divide 41895?
True
Is 8 a factor of 1848?
True
Is 1719 a multiple of 3?
True
Is 61 a factor of 721?
False
Does 36 divide 679?
False
Is 48 a factor of 1487?
False
Does 90 divide 990?
True
Does 8 divide 200?
True
Is 29 a factor of 1024?
False
Is 2898 a multiple of 14?
True
Is 48 a factor of 288?
True
Is 2480 a multiple of 16?
True
Is 43 a factor of 4346?
False
Is 47 a factor of 2773?
True
Is 85 a factor of 595?
True
Is 59 a factor of 2757?
False
Is 22 a factor of 4273?
False
Does 19 divide 402?
False
Does 175 divide 12156?
False
Does 11 divide 517?
True
Does 18 divide 540?
True
Is 5 a factor of 65?
True
Is 60 a factor of 376?
False
Does 47 divide 120085?
True
Is 31320 a multiple of 60?
True
Is 4 a factor of 243?
False
Is 13 a factor of 1417?
True
Is 37313 a multiple of 80?
False
Is 5460 a multiple of 35?
True
Does 158 divide 27540?
False
Is 165481 a multiple of 22?
False
Does 63 divide 4410?
True
Is 312 a multiple of 8?
True
Is 6 a factor of 1296?
True
Is 115 a multiple of 57?
False
Is 375 a multiple of 15?
True
Is 40 a factor of 5320?
True
Does 15 divide 793?
False
Is 3276 a multiple of 217?
False
Is 5 a factor of 180?
True
Does 7 divide 692?
False
Does 16 divide 224?
True
Is 1974 a multiple of 42?
True
Does 9 divide 51291?
True
Is 39 a factor of 3432?
True
Does 45 divide 135?
True
Is 326 a factor of 78892?
True
Is 53 a factor of 795?
True
Is 2230 a multiple of 10?
True
Is 7 a factor of 3131?
False
Is 3 a factor of 151?
False
Is 91 a factor of 888?
False
Is 2562 a multiple of 61?
True
Is 7 a factor of 3759?
True
Is 20 a factor of 19390?
False
Is 22045 a multiple of 67?
False
Does 24 divide 2858?
False
Does 33 divide 482?
False
Is 37457 a multiple of 26?
False
Does 3 divide 86?
False
Is 15958 a multiple of 10?
False
Does 120 divide 1639?
False
Does 19 divide 94316?
True
Is 31560 a multiple of 24?
True
Does 53 divide 8109?
True
Is 14 a factor of 1330?
True
Is 23 a factor of 529?
True
Is 29 a factor of 968?
False
Is 3 a factor of 341?
False
Does 14 divide 476?
True
Does 130 divide 107510?
True
Is 243 a multiple of 12?
False
Is 9297 a multiple of 9?
True
Is 262 a multiple of 79?
False
Is 192 a multiple of 24?
True
Does 46 divide 1612?
False
Does 46 divide 184?
True
Is 8 a factor of 952?
True
Is 1164 a multiple of 12?
True
Is 1180 a multiple of 6?
False
Is 673 a multiple of 7?
False
Does 48 divide 827?
False
Is 6 a factor of 1129?
False
Does 183 divide 16076?
False
Does 10 divide 6682?
False
Does 3 divide 21258?
True
Does 274 divide 38351?
False
Is 3 a factor of 520?
False
Is 10224 a multiple of 95?
False
Is 30 a factor of 26220?
True
Is 106 a factor of 2968?
True
Is 6 a factor of 304?
False
Is 152640 a multiple of 9?
True
Is 11 a factor of 180?
False
Does 190 divide 5317?
False
Is 2176 a multiple of 32?
True
Is 12 a factor of 3516?
True
Is 36 a factor of 375?
False
Is 25 a factor of 1186?
False
Is 49 a factor of 1059?
False
Is 6291 a multiple of 109?
False
Is 29636 a multiple of 29?
False
Does 19 divide 6342?
False
Does 3 divide 321?
True
Is 538 a multiple of 15?
False
Is 350 a multiple of 68?
False
Does 10 divide 510?
True
Does 66 divide 1782?
True
Is 18 a factor of 756?
True
Does 23 divide 2619?
False
Is 15140 a multiple of 20?
True
Is 184397 a multiple of 29?
False
Does 35 divide 140?
True
Is 13 a factor of 4198?
False
Is 3304 a multiple of 14?
True
Does 41 divide 20213?
True
Does 182 divide 18382?
True
Is 15 a factor of 16963?
False
Does 33 divide 20183?
False
Is 44 a factor of 8668?
True
Is 18 a multiple of 2?
True
Is 8 a factor of 1640?
True
Does 9 divide 981?
True
Does 4 divide 28853?
False
Is 58 a factor of 348?
True
Does 5 divide 346?
False
Is 53 a factor of 61181?
False
Is 25126 a multiple of 287?
False
Is 11654 a multiple of 3?
False
Is 12396 a multiple of 9?
False
Does 47 divide 108?
False
Is 15 a factor of 59891?
False
Is 13 a factor of 6368?
False
Does 70 divide 18672?
False
Is 75 a